e prime factors of (h + 0)*(-1)/(-2).
19
Let s = -1 - -40. What are the prime factors of s?
3, 13
Suppose 4*a = -u + 15, 5*a - 3 = 7*u - 3*u. What are the prime factors of u?
3
Let g(z) = -z**3 - z**2 + 3*z + 10. Let l be g(-4). Suppose -4*w + 11 + 9 = 0. Suppose 5 = w*m, 0 = -5*q - 4*m + 18 + l. What are the prime factors of q?
2, 3
Suppose -1 = -4*m + 3. Let n be (m/1)/(2/12). Suppose 2*w - 24 = -n. List the prime factors of w.
3
Let i(r) = -r**2 + 5*r**2 + 2*r**3 + 3 - r**3 + 3*r. List the prime factors of i(-3).
3
Let s = -1 + 4. Suppose -2*z + 18 = 2*l - l, -5*z + s*l + 34 = 0. Suppose w = 2*w - z. What are the prime factors of w?
2
Let s(x) = -x + 7. Suppose -2*u = 10, -1 + 6 = -5*m - 5*u. Suppose -5*o = -5*k - 50, 3*k + m*o - 2 - 3 = 0. List the prime factors of s(k).
2, 3
Let h(o) = 3*o - 16. What are the prime factors of h(12)?
2, 5
Let m = 123 + -61. List the prime factors of m.
2, 31
Let b = 8 - 3. Suppose 5*y = -b*m + 25, 2*m + 0*y - 12 = -4*y. What are the prime factors of m?
2
Let f(t) be the first derivative of -t**4/4 - 2*t**3 - 5*t**2/2 + 4*t - 5. List the prime factors of f(-5).
2
Suppose 3*d + d + 12 = 0. Let j = d + 20. List the prime factors of j.
17
Suppose -2*l = 3 - 9. Let b = 9 - l. What are the prime factors of b?
2, 3
Let i = 16 - 16. Suppose 2*a + 6 - 20 = i. List the prime factors of a.
7
Let w be 17 + 8/((-8)/(-2)). Let c = w - -9. List the prime factors of c.
2, 7
Suppose -2*a + 56 = -u - u, 0 = 2*a - 3*u - 55. List the prime factors of a.
29
Let q be -1 + 5/(15/(-12)). Let y = q + 7. List the prime factors of (-40)/(-16) - (-1)/y.
3
List the prime factors of 22/77 + (-304)/(-14).
2, 11
Let q(m) = -m**2 + 5*m. Let y be q(4). Let i = y + 2. What are the prime factors of i?
2, 3
Let k(w) = -w - 1. Let u be k(5). Let q be (-3)/u - 18/(-4). Suppose -r + 5*f = -18, -2 = 4*r + 3*f - q. List the prime factors of r.
3
Suppose -3*g + 2*r = -276, 2*g + 85 = -r + 276. Suppose o - n + 106 = 5*o, 4*o - 5*n - g = 0. What are the prime factors of o?
2, 13
Suppose -3*p + 5 = x, 3*p = 2*x + 7*p - 8. Let w(t) = -1 + 1 - 1 + x*t. What are the prime factors of w(2)?
3
Let j(k) = k**3 - k**2 + 12. Suppose 0 = -2*w + 10, 4*q + 2*w = 6 + 4. What are the prime factors of j(q)?
2, 3
What are the prime factors of (-1 + (-1 - -1))*-179?
179
Let s(j) = j**3 + 5*j**2 - 8*j - 8. Let z be s(-6). Suppose z*u + 10 = -b - 1, 2*b - 4*u = 26. List the prime factors of b.
5
Let o(l) = -l - 5. Let z be o(-11). Suppose 4*p - 112 = -3*s, -z*s = 4*p - s - 104. What are the prime factors of p?
31
What are the prime factors of (278/(-8))/(-1)*(1 + 3)?
139
Let w = 7 - 5. Let p be w/3 - 292/(-12). Suppose -5*d + 15 = -p. List the prime factors of d.
2
Let o(w) = w**2 - 3*w - 1. What are the prime factors of o(12)?
107
Suppose 6*z - 2*z = 16. What are the prime factors of 10/z*(-1 - -3)?
5
Let j(v) = -v**3 + 4*v**2 + v + 4. Let u be j(5). Let m = -9 - u. What are the prime factors of m?
7
Let p(i) = -i**2 + 0*i**2 + 2*i**2 + 1 + 0*i + i - 2*i**3. What are the prime factors of p(-1)?
3
Let f(p) = -p**3 - 6*p**2 - p + 5. Suppose q + 5*a = -12, 16 = 3*q - 6*q - 5*a. Let r be 1 + (q - -2) + -7. What are the prime factors of f(r)?
11
Let z(x) = -5*x + 3. List the prime factors of z(-6).
3, 11
Suppose -33 = 2*d - 27. Let l(u) = 6*u**2 + u - 6. What are the prime factors of l(d)?
3, 5
Let o be -1 + 6 + -3 + 2. Let f be 3 - o - (-6)/2. Suppose 43 + 1 = f*l. What are the prime factors of l?
2, 11
Let h(v) = 3*v**3 - 8*v**2 - 3*v - 4. What are the prime factors of h(6)?
2, 13
Let s = 22 - 10. Suppose -l + 7 + s = 0. What are the prime factors of l?
19
Let w be 14/6 - 2/(-3). Suppose -w*s + 8*s = 200. List the prime factors of s.
2, 5
Let n be (4/(-3))/(2/(-42)). Suppose 5*y = -3*p + 49, -3*p - 2*y = -15 - n. What are the prime factors of p?
13
Suppose m + 3*m = 4. What are the prime factors of -1 + 2 + m - -3?
5
List the prime factors of (-1 - (-3 + 4))*-19.
2, 19
Suppose 4*d - 3*t - 3 = 29, -2*d + 2*t + 18 = 0. Suppose 55 = d*g + 5. What are the prime factors of g?
2, 5
Let v = 149 - 212. What are the prime factors of 2*(-2 - v/6)?
17
Let v = -13 - 57. Let k = -50 - v. Let f = k + -13. List the prime factors of f.
7
Let t(y) = y**3 - y**2 + 18. Let a be t(0). Suppose 0 = 5*m - 7*m + a. What are the prime factors of m?
3
What are the prime factors of -3*(-206)/(-6)*(1 + -2)?
103
Let f(p) = -p**3 - 25*p**2 - 47*p + 6. What are the prime factors of f(-23)?
29
What are the prime factors of (-1)/(1/16*-2)?
2
Let w be (-1 - -3) + (-4)/2. Let m(l) = 11*l - 6*l**3 + w*l**3 + 2*l**3 + 3*l**3 - 11*l**2 + 1. What are the prime factors of m(-12)?
13
Let i be (-2)/4 + 6/4. List the prime factors of 2/(i/1) + 13.
3, 5
Suppose -p + 3*h = 26, -2*h = 2*p - 4*p - 36. Suppose 3*w + 2*w + 170 = 0. Let u = p - w. What are the prime factors of u?
2, 5
Let x be 6/(-2) + 11/1. Let v = -8 + x. Suppose 0 = 2*n + 2*n - 5*y - 23, n + y + 1 = v. List the prime factors of n.
2
Let p(s) = s**3 + 12*s**2 + 13*s - 11. What are the prime factors of p(-10)?
59
Let s(a) = 326*a + 4. What are the prime factors of s(1)?
2, 3, 5, 11
What are the prime factors of (-490)/15*3/(-2)?
7
Suppose 70 - 6 = 4*q. Let a be q + -2 + (-3)/(-3). List the prime factors of (-17)/(-5) + (-6)/a.
3
What are the prime factors of (-2)/(-5) + (-2907)/(-95)?
31
Suppose 0*s = -2*s + 8. Let t be ((-9)/(-18))/(2/44). Suppose -s*g + 21 = -t. What are the prime factors of g?
2
Let i(k) = k**3 + 6*k**2 + 4*k - 5. Let x be i(-5). Suppose 2*o + 0*o - 10 = x. What are the prime factors of o?
5
Suppose 3*f + 15 = 5*q + 2*f, -4*f + 3 = q. Let t = 5 - q. Suppose t*m = 16 + 6. What are the prime factors of m?
11
Suppose -2*a - 298 = 2*w, 0 = a + w - 4*w + 141. What are the prime factors of (a/(-12))/((-4)/(-16))?
7
Suppose -2*w = -w - 3. Suppose k = -w*k. Suppose 2*u - 54 + 10 = k. What are the prime factors of u?
2, 11
Suppose 16 = l + k, -6*k = -4*k - 8. What are the prime factors of 26 - -3*8/l?
2, 7
Let g = 7 + -3. Let r = 6 - g. Suppose 32 = 6*i - r*i. What are the prime factors of i?
2
Let m(x) = 43*x**2 + 2*x - 1. What are the prime factors of m(1)?
2, 11
Let r be 1/1*4*1. Let d(m) = -7*m + 1. Let w(k) = -20*k + 4. Let l(s) = 14*d(s) - 5*w(s). List the prime factors of l(r).
2
Let b = -9 - -3. Let l(z) = -5*z - 6. Let a be l(b). Suppose 2*q + 2*q - a = 0. List the prime factors of q.
2, 3
Let x = -33 + 18. What are the prime factors of (3*-1)/(5/x)?
3
Let c(v) = 21*v**2 - v + 10. What are the prime factors of c(3)?
2, 7
Suppose 10*k - 4*k = 1092. List the prime factors of k.
2, 7, 13
Let u = -150 + 370. List the prime factors of u.
2, 5, 11
Let m(i) = i**3 + 7*i**2 - 8*i + 2. List the prime factors of m(-7).
2, 29
Suppose 0 = -2*p - 21 - 3. Let q be (34/(-8))/(3/p). Let k = 27 - q. What are the prime factors of k?
2, 5
What are the prime factors of -6*8/12 + 63?
59
Let j(y) = -20*y - 2. Let z be j(-3). Suppose 0 = 4*n + q - 102 + 13, 4*q + z = 2*n. What are the prime factors of n?
23
Let l(r) = 12*r - 12. Let d be l(6). Suppose 2*s - 8*s = -d. What are the prime factors of s?
2, 5
Suppose z = -5*k + 2, -2*z + k + 2 = -z. What are the prime factors of (-1 - z/2) + 12?
2, 5
Let b be (-14)/(-8) + (-2)/(-8). Let o(g) = -g + 16. Let y be o(0). Suppose -f = -b*f + y. List the prime factors of f.
2
Suppose -n - 4*j = 4*n - 872, 3*n + 5*j - 531 = 0. What are the prime factors of n?
2, 43
Let c be (12/(-10))/(4/10). What are the prime factors of c/(-6) + (-13)/(-2)?
7
Suppose 2*n + 63 = -57. List the prime factors of ((-8)/(-5))/((-8)/n).
2, 3
Let r = 12 - 4. What are the prime factors of r?
2
Let f = 18 + 20. What are the prime factors of f?
2, 19
Let x(q) = q**3 - 4*q**2 + 3*q + 2. Suppose -u = 3*u. Let s be (u - -2)/(2/4). What are the prime factors of x(s)?
2, 7
Let h be (-8)/(-6)*(-9)/(-2). What are the prime factors of (3/h)/(3/96)?
2
Suppose 62 = 3*i - t, i - 2*t - 30 = 3*t. Let d be (-52)/i + (-6)/15. Let p = d + 6. What are the prime factors of p?
3
Let g be (-2)/1 - (-1 + 1). List the prime factors of -1*g/(-4)*-20.
2, 5
Let r be (1 - -2)*(-26)/6. Let i = r + 32. List the prime factors of i.
19
Let b(f) = f - 2. Let k be b(1). Let g(v) = 35*v**2 - 1. What are the prime factors of g(k)?
2, 17
What are the prime factors of 3 + (-